)). Calculate q(f).
-2
Let j(p) = 12*p**2 - 7*p + 1132 + p**3 + 1127 - 2*p**2 - 2250. Determine j(-11).
-35
Let c = -3 - -3. Let n be (-3 - -2) + (6 - (11 + -9)). Let d(a) = a**2 + 23*a**3 - 62*a**3 + 38*a**n + 0*a**2 + 16. Calculate d(c).
16
Suppose 3*o = -2*i + 13, -5*i - 4 = -o - 28. Suppose f + i*z - 19 = 2*z, 0 = -f + z - 1. Let b(g) = -3 - 17*g + 2 - f + 18*g. Determine b(7).
2
Let o = 485 + -453. Suppose -114 = -o*d + 78. Let p(v) = v**3 - 5*v**2 - 6*v - 6. What is p(d)?
-6
Let u(j) be the first derivative of j + 2/3*j**3 + 16 - 10*j**2. Let r be u(10). Let z(s) = -s**2 + 1. Calculate z(r).
0
Let g be 39/(-9) + 4/(-6). Let l(h) be the third derivative of h**5/30 + h**4/4 - h**3/3 - 17*h**2 - 75. Calculate l(g).
18
Let a(h) = -21*h + 42. Let s(p) = -2*p - 2. Let w(u) = a(u) - 6*s(u). Determine w(6).
0
Let q(y) = 10 + 7 - 3*y - 39 - 2*y + 18. Let d be (-4)/(-10) + 161/35. Let n = 2 - d. Determine q(n).
11
Let b(t) = t**2 - 1. Let n be b(-2). Let p = 46 - 44. Let v(k) = 4*k**2 + 6*k - 8*k**p + 0 - 2 - k**n + 0. What is v(-5)?
-7
Let d = -18 - -32. Let k = d + -21. Let w(z) be the third derivative of z**4/24 + z**3/2 - z**2 - 848. Calculate w(k).
-4
Let i(g) be the second derivative of g**5/20 + 5*g**4/4 - 8*g**2 - 1059*g. Determine i(-15).
-16
Let i(a) = -a**3 + 10*a**2 - 7*a - 22. Let o be i(9). Let v(q) = q**2 - 5*q + 7. Let g(b) = -1. Let m(k) = o*g(k) - v(k). Calculate m(5).
-3
Let d(b) be the third derivative of -b**5/12 + 5*b**4/24 + b**3/6 - 8212*b**2. What is d(1)?
1
Suppose -21*y - 11 = -v - 24*y, 0 = -3*y + 9. Let u(o) be the first derivative of -31 + v*o + 1/3*o**3 - 9/2*o**2. Give u(9).
2
Let y(i) = 46*i + 331. Let j be (-550)/78 + 402/7839. Calculate y(j).
9
Let u(a) = -29*a + 279. Let j(y) = 2*y - 14. Let m(x) = 5*j(x) + u(x). Determine m(11).
0
Let w(n) be the second derivative of -23/2*n**2 - 1 - 49*n + 5/3*n**3 - 1/12*n**4. What is w(6)?
1
Let d be ((-5)/(-2))/(125/100). Suppose 3 = -3*u + 2*u - d*w, 0 = -u - w - 1. Let r(q) be the third derivative of -2*q**4/3 - q**3/6 + 3*q**2. What is r(u)?
-17
Let y(b) = -b - 21 + 4*b**3 - 19 - b + 41. Let z be (-14)/(560/(-24)) + (-4)/(-10). Determine y(z).
3
Let n(g) be the first derivative of g**6/360 + g**5/20 + g**4/4 - 7*g**3/3 + g**2/2 + 220. Let o(h) be the third derivative of n(h). Determine o(-7).
13
Suppose -32 = 17*n - 19*n. Suppose 2*f - 3*r = -0*f + n, f - 5*r - 8 = 0. Let d(c) = -c + 4. Determine d(f).
-4
Let s(z) = 4*z**2 - 5*z + 74. Let q(r) = 3*r**2 + 2*r + 72. Let t(n) = -3*q(n) + 2*s(n). Determine t(-9).
-5
Let o(i) = -17*i**3 - 60*i**2 + 47*i - 63. Let c(w) = 5*w**3 + 19*w**2 - 16*w + 22. Let p(y) = 7*c(y) + 2*o(y). What is p(-14)?
84
Let d be (-1)/(1/(-3)) + (-78)/39. Let a(c) = 6*c**2 - 2*c + 3. Determine a(d).
7
Suppose 3*m = 3*w - 39, 0 = 4*m - 6*w + w + 52. Let v(l) be the third derivative of l**4/12 + 13*l**3/3 + 282*l**2. Calculate v(m).
0
Let k(r) = -114*r**3 - r**2 - 2*r + 2. Let s(n) = -n**3 + 32*n**2 - 9*n + 2619. Let a be s(34). Determine k(a).
-115
Suppose -32 = -j + 6*j - 7. Let q(t) = -t**2 + 2*t + 30. Give q(j).
-5
Let i be ((-87)/(-21) + 3/(-21))*1. Let a be (i/(-5))/((-6)/15). Let k(m) = -m + m**3 + 0*m + 114 - a*m**3 - 112 - 2*m**2. Determine k(-2).
4
Let u(b) = -b - 18. Suppose 4*h + 34 = o + 23, -3*o + 25 = -4*h. What is u(o)?
-25
Let k(y) = -2*y**3 - 2. Let m be 4068/(-32) + 4/32. Let t = -129 - m. Calculate k(t).
14
Let x(n) = n**2 - 4*n + 1. Let a(w) = 5 + 2 + 2*w**2 + 12*w - 7*w**2 + 4*w**2. Let r be a(15). Let d = r - -42. Calculate x(d).
1
Let n(q) be the second derivative of 28*q - 1/3*q**4 - 2*q**2 - 1/3*q**3 + 1/20*q**5 + 0. What is n(5)?
11
Suppose -22*h = -29*h + 133. Suppose h*o + 66 = -3*o. Let d(t) = t**3 - t - 9*t + 3 + 7*t. What is d(o)?
-15
Let h(v) = 10*v**2 - 4*v - 6. Let t be h(-2). Let c(p) = t*p - 23*p + 7 - p**2 - 23*p. What is c(-6)?
-5
Let g(y) = 2 + 173*y - y**3 + 177*y - 536*y + 181*y + 6*y**2. Let l(q) = -q**2 - 3*q - 2. Let d be l(-4). Let j = d - -11. What is g(j)?
2
Let g(p) = 45*p + 46*p - 5*p**2 + 6 - 3*p**3 + 49*p - 191*p + 50*p. What is g(-3)?
45
Let q(d) = d**2 + 77*d + 300. Let o be q(-4). Let v(u) = u**3 - 9*u**2 + 2*u - 8. Calculate v(o).
-56
Let t(b) be the second derivative of 0 - 3/4*b**4 - 25*b + 0*b**2 + 1/6*b**3. Let w(q) = -q**2 + 4*q - 3. Let v be w(2). Determine t(v).
-8
Let t(x) = -6*x + 18. Suppose -z + 3 = -m, -3*z - m + 24 = m. Calculate t(z).
-18
Suppose 5*s + 3*k = 37, -s + 7 + 6 = 2*k. Suppose -s*l - 24 = -4*n - 2*l, -5*n + 4*l + 31 = 0. Suppose -5*m = n - 18. Let o(c) = -2*c - 3. What is o(m)?
-9
Let n(r) be the second derivative of -r**5/20 + r**4/6 + 5*r**2/2 - 2*r - 775. What is n(3)?
-4
Suppose 4*x = b - 15 - 20, 0 = 4*x + 5*b + 65. Let j(t) = 9*t + 58. Give j(x).
-32
Let l be (-60)/10 - (-5 + -4). Let t be (-2)/(-2) - (-20 + 18). Let j(s) = 0*s - 1 - s - 3*s + t*s. Calculate j(l).
-4
Let m(z) = 2*z - 2. Let t(f) = -f**3 - 11*f**2 - 13*f + 2. Let c be t(-10). Suppose 5*k - 28 = c. Suppose 0 = -2*l - l + k. Give m(l).
6
Let c be 3/(3/4*-1). Let w(d) = 6*d. Let s(b) = -28*b. Let n(p) = c*s(p) - 21*w(p). Give n(1).
-14
Let q(z) = 57*z + 379. Let m(c) = 231*c + 1509. Let n(v) = -4*m(v) + 15*q(v). Calculate n(-5).
-6
Let o(s) be the first derivative of -s**2/2 + 2*s - 112. Calculate o(10).
-8
Let g(y) be the third derivative of -y**5/60 - 19*y**4/12 - 299*y**3/6 + 116*y**2 - 2*y + 6. What is g(-11)?
-2
Let o(i) = -3*i**3 + 6*i**2 - 15. Let l(j) = -13*j**3 + 22*j**2 + j - 63. Let h(s) = 2*l(s) - 9*o(s). Calculate h(10).
29
Let l(u) = u**2 - 6*u - 7. Let z be l(8). Suppose -4*p - 6*f + 2*f + 96 = 0, 5*f - 42 = -2*p. Let g(q) = -p + 25 + 5 - q. Calculate g(z).
-5
Let t be -7*((-27)/(-12) - 8576/3584). Let x(a) = 3*a**2 - 1 + 0 - 2*a**2. Determine x(t).
0
Let i(s) be the second derivative of -s**4/4 - 17*s**3/3 - s**2 + 2061*s + 1. Calculate i(-11).
9
Let r be 9/1 + (-4 - 2). Let y(z) = -2*z**3 - z**2 - 8*z + 7. Let q(n) = 5*n**3 + 2*n**2 + 23*n - 20. Let a(i) = r*q(i) + 8*y(i). Give a(2).
-10
Let m(j) = 181*j**2 - 190*j**2 - j + 19*j**3 - 18*j**3 + 4 - 8*j. What is m(10)?
14
Let b(a) = 20*a**3 - a**2 - 5*a + 38. Let f(q) = 7*q**3 - 2*q + 13. Let j = 213 - 230. Let n(l) = j*f(l) + 6*b(l). Calculate n(5).
2
Suppose 4*u - 17 = 5*u - 3*d, -10 = -2*d. Let n(s) be the first derivative of 1/2*s**2 + 144 - s. Calculate n(u).
-3
Suppose 2*t = -93 - 82 + 159. Let y(q) = -q**3 - 6*q**2 + 15*q + 1. What is y(t)?
9
Let f(g) = -4*g**2 + 1. Let b(v) = 19*v**2 - 5. Let n(h) = -2*b(h) - 11*f(h). Let o be (-26)/(-3) - (-2112)/(-198). Give n(o).
23
Suppose -2*s = -3*f + 3, 5*f + 27 = 2*s - 4*s. Let o(g) = -g**2 - 5*g + 5. What is o(s)?
-1
Let a(l) = 114*l + 40. Let o(j) = 65*j + 20. Let h(p) = -4*a(p) + 7*o(p). Calculate h(12).
-32
Suppose -164*s + 162*s - 8 = 0. Let z(q) = -2*q**3 - 7*q**2 - 4*q + 7. Let d(a) = 3*a**3 + 7*a**2 + 5*a - 6. Let p(v) = s*z(v) - 3*d(v). Give p(7).
-3
Suppose 53 = 2*n + 3*s, -13*s = 2*n - 9*s - 56. Let d(r) = -r**3 + 23*r**2 - 26*r + 92. Determine d(n).
4
Let q(c) be the second derivative of c**4/12 + c**3 - c**2/2 - 2*c - 2960. Let v be ((-20)/25)/((-6)/(-45)). Calculate q(v).
-1
Let d(o) be the second derivative of -1/2*o**2 + 29*o - 2/3*o**3 - 1/6*o**4 + 1. Let s(u) = -u**3 + 8*u**2 - u + 5. Let c be s(8). What is d(c)?
-7
Suppose 0 = -162*i + 147*i. Let s(w) be the second derivative of 1/2*w**3 - 16*w + w**2 - 1/12*w**4 + i. Determine s(4).
-2
Let g(t) = -t**3 + 35*t**2 + 73*t + 35. Suppose -4*k - 3*z + 139 = 0, 2*z - 105 = -54*k + 51*k. Calculate g(k).
-2
Let h(z) be the second derivative of -z**4/12 - z**3/2 - 2*z**2 - 7*z - 29. Determine h(-3).
-4
Suppose 3*a = -2*a. Let k be 86/(-4)*(2 - a). Let w = 41 + k. Let c(f) = -f**3 + f**2 + 2. Determine c(w).
14
Let p = 6151 + -6114. Let z(q) = 5*q - 185. Calculate z(p).
0
Let h be -2 + 1 + 1 + -4. Let z be (2 + 0)/((-34)/136). Let x(d) = 6*d + 12. Let p(i) = 17*i + 33. Let y(m) = z*x(m) + 3*p(m). Calculate y(h).
-9
Let l(w) = 2*w + 17. Let k(o) be the third derivative of o**5/60 + 15*o**4/8 - 55*o**3/6 - o**2 - o. Let v be k(-46). Calculate l(v).
-1
Let i(s) = -s**3 + 38*s**2 - 105*s - 12. Suppose 3*a + 2074 = -3*q + 2164, -180 = -5*q + a. What is i(q)?
-12
Suppose 2*t = -y - y - 2, 4*y = -3*t + 1. Suppose 4*x + 0*x = y. Let w(